, 1123
What are the prime factors of 106163851?
61, 103, 277
What are the prime factors of 285680367?
3, 7, 37, 122557
List the prime factors of 24905203.
24905203
What are the prime factors of 17334131?
17334131
List the prime factors of 19115777.
349, 54773
What are the prime factors of 1989124843?
42787, 46489
What are the prime factors of 192565455?
3, 5, 443, 28979
What are the prime factors of 4921514?
2, 13, 73, 2593
What are the prime factors of 1085900221?
7, 22161229
List the prime factors of 906178640.
2, 5, 59, 113, 1699
What are the prime factors of 312907571?
23, 683, 19919
What are the prime factors of 7159468885?
5, 449, 1531, 2083
What are the prime factors of 408405602?
2, 11, 67, 277073
List the prime factors of 69041677.
69041677
List the prime factors of 173428488.
2, 3, 2408729
What are the prime factors of 85736807?
13, 37, 178247
List the prime factors of 453988727.
453988727
What are the prime factors of 23393853?
3, 7, 17, 809
List the prime factors of 247016287.
7, 29, 293, 4153
What are the prime factors of 808745738?
2, 404372869
List the prime factors of 13518783.
3, 313, 4799
List the prime factors of 30526534.
2, 15263267
What are the prime factors of 1015276756?
2, 13, 89, 219377
What are the prime factors of 356626141?
1201, 296941
List the prime factors of 79658035.
5, 15931607
What are the prime factors of 6036260447?
7, 409, 2108369
What are the prime factors of 6610883483?
17, 388875499
What are the prime factors of 233279132?
2, 29, 2011027
List the prime factors of 301734125.
5, 7, 11, 23, 29, 47
What are the prime factors of 17996758?
2, 13, 107, 6469
List the prime factors of 578482211.
578482211
What are the prime factors of 53030881?
19, 1487, 1877
What are the prime factors of 53730521?
13, 43, 277, 347
List the prime factors of 1906212182.
2, 7, 47, 2896979
What are the prime factors of 49483475?
5, 1979339
What are the prime factors of 11603834?
2, 11, 527447
List the prime factors of 2070145880.
2, 5, 11, 1709, 2753
List the prime factors of 4507389888.
2, 3, 1117, 21017
What are the prime factors of 186010013?
7, 31, 97, 8837
List the prime factors of 2455733993.
37, 66371189
List the prime factors of 341130146.
2, 7, 24366439
List the prime factors of 294367828.
2, 73, 431, 2339
List the prime factors of 260948909.
13, 20072993
What are the prime factors of 2098763921?
19, 239, 462181
List the prime factors of 135297184.
2, 11, 384367
List the prime factors of 54402172.
2, 11, 443, 2791
List the prime factors of 36872066.
2, 7, 11, 239429
What are the prime factors of 1087921567?
281, 3871607
List the prime factors of 382159015.
5, 7, 73, 373, 401
List the prime factors of 11615404.
2, 101, 28751
What are the prime factors of 360223098?
2, 3, 17, 3531599
List the prime factors of 204954374.
2, 102477187
List the prime factors of 2681154229.
13, 23, 83, 108037
List the prime factors of 55246941.
3, 191, 3571
What are the prime factors of 4885753226?
2, 907, 2693359
List the prime factors of 219738659.
7, 97, 109, 2969
What are the prime factors of 1566991951?
7, 397, 563869
What are the prime factors of 4254485932?
2, 1063621483
What are the prime factors of 34775115?
3, 5, 17, 136373
List the prime factors of 28855021.
13, 41, 43, 1259
List the prime factors of 155219735.
5, 11, 797, 3541
What are the prime factors of 190216856?
2, 179, 132833
List the prime factors of 509414345.
5, 11, 9262079
What are the prime factors of 160459732?
2, 41, 978413
What are the prime factors of 26100378?
2, 3, 1450021
List the prime factors of 109005334.
2, 3307, 16481
List the prime factors of 5594030642.
2, 17, 101, 1629013
List the prime factors of 468065317.
8669, 53993
What are the prime factors of 34715413?
19, 1827127
What are the prime factors of 210430498?
2, 3491, 30139
What are the prime factors of 45773794?
2, 11, 31, 41, 1637
List the prime factors of 313064240.
2, 5, 113, 34631
List the prime factors of 890427326.
2, 17, 26189039
List the prime factors of 119201577.
3, 11, 328379
List the prime factors of 1315957221.
3, 359, 407291
What are the prime factors of 49833821?
1187, 41983
List the prime factors of 739224952.
2, 92403119
What are the prime factors of 3464484?
2, 3, 449, 643
What are the prime factors of 1153954140?
2, 3, 5, 239, 80471
List the prime factors of 389176805.
5, 77835361
What are the prime factors of 67075008?
2, 3, 7, 11, 13, 349
What are the prime factors of 9527276?
2, 11, 17, 47, 271
What are the prime factors of 47573430?
2, 3, 5, 23, 68947
What are the prime factors of 95915041?
95915041
What are the prime factors of 124793124?
2, 3, 17, 23, 26597
List the prime factors of 2284038860.
2, 5, 37, 61, 50599
List the prime factors of 41777094.
2, 3, 6962849
What are the prime factors of 142053837?
3, 2281, 20759
List the prime factors of 78838884.
2, 3, 97, 107, 211
List the prime factors of 515111805.
3, 5, 13, 227, 431
List the prime factors of 651218274.
2, 3, 7, 19, 23, 11827
What are the prime factors of 208306505?
5, 11, 3787391
List the prime factors of 1061024353.
19, 181, 308527
What are the prime factors of 15690119?
15690119
List the prime factors of 12154003.
97, 125299
What are the prime factors of 4199179573?
4199179573
List the prime factors of 64231757.
64231757
List the prime factors of 78470169.
3, 26156723
List the prime factors of 273653875.
5, 11, 199021
List the prime factors of 92293778.
2, 46146889
What are the prime factors of 2449624697?
13, 89, 23789
List the prime factors of 3130368.
2, 3, 1019
List the prime factors of 280412657.
7, 40058951
List the prime factors of 13504375.
5, 17, 31, 41
What are the prime factors of 2366187949?
257, 907, 10151
What are the prime factors of 728341664?
2, 4729, 4813
What are the prime factors of 108066442?
2, 11, 47, 104513
What are the prime factors of 1210485169?
571, 2119939
What are the prime factors of 12503622?
2, 3, 2083937
What are the prime factors of 3168747358?
2, 7, 53, 61, 70009
List the prime factors of 222150264.
2, 3, 7, 1322323
List the prime factors of 31451817.
3, 389, 26951
List the prime factors of 53187140.
2, 5, 103, 25819
What are the prime factors of 122403010?
2, 5, 23, 532187
What are the prime factors of 585782270?
2, 5, 2161, 27107
List the prime factors of 227116716.
2, 3, 373, 50741
What are the prime factors of 21901144?
2, 199, 13757
List the prime factors of 2542505193.
3, 17, 61, 30269
List the prime factors of 89226369.
3, 1423, 6967
List the prime factors of 638605216.
2, 1571, 12703
List the prime factors of 166868894.
2, 47, 1775201
List the prime factors of 5818011290.
2, 5, 7, 13, 383, 16693
List the prime factors of 20531344.
2, 967, 1327
What are the prime factors of 127303242?
2, 3, 11, 17, 83, 1367
List the prime factors of 167658635.
5, 41, 47, 17401
What are the prime factors of 68317789?
6827, 10007
List the prime factors of 170989009.
17, 10058177
What are the prime factors of 7380332617?
7, 137, 1099409
What are the prime factors of 679847069?
11, 61804279
What are the prime factors of 532845209?
13, 23, 571, 3121
What are the prime factors of 191565136?
2, 7, 1710403
List the prime factors of 301803097.
73, 4134289
What are the prime factors of 3972779441?
577, 6885233
What are the prime factors of 22600315?
5, 4520063
List the prime factors of 99690153.
3, 4007, 8293
What are the prime factors of 107159801?
7, 521, 29383
What are the prime factors of 139341041?
7, 19, 47, 22291
What are the prime factors of 244192521?
3, 1427, 57041
List the prime factors of 34369228.
2, 53, 162119
List the prime factors of 293062188.
2, 3, 491, 49739
What are the prime factors of 230114452?
2, 503, 114371
List the prime factors of 5246102446.
2, 13, 277, 728423
What are the prime factors of 5868518569?
83, 239, 295837
What are the prime factors of 4116267563?
4116267563
What are the prime factors of 31428287?
11, 103, 27739
List the prime factors of 2150107306.
2, 1075053653
List the prime factors of 37975829.
23, 397, 4159
List the prime factors of 38591702.
2, 3299, 5849
List the prime factors of 6301473608.
2, 229, 3439669
List the prime factors of 2576625881.
757, 3403733
List the prime factors of 37549763.
463, 81101
List the prime factors of 42486632.
2, 857, 6197